{"id":1400,"date":"2015-03-19T09:33:31","date_gmt":"2015-03-19T07:33:31","guid":{"rendered":"http:\/\/www.twobears.at\/wordpress\/?page_id=1400"},"modified":"2015-03-19T09:33:31","modified_gmt":"2015-03-19T07:33:31","slug":"impressum","status":"publish","type":"page","link":"https:\/\/www.twobears.at\/wordpress\/twobears-alt\/impressum\/","title":{"rendered":"Impressum"},"content":{"rendered":"<p>Offenlegung nach \u00a7 25 Mediengesetz:<\/p>\n<p><strong>Medieninhaber, Herausgeber, inhaltliche Verantwortung:<\/strong><\/p>\n<p>Norbert Huber<br \/>\nLinz<br \/>\n\u00d6sterreich<br \/>\n<a href=\"mailto:Norber.Huber@twobears.at\">Norbert.Huber@twobears.at<\/a><\/p>\n<p style=\"text-align: justify\"><strong>Haftungsausschluss:<\/strong><br \/>\nDie Zusammenstellung der Informationen auf dieser Website wurde mit gr\u00f6\u00dftm\u00f6glicher Sorgfalt vorgenommen. Dennoch kann keinerlei Gew\u00e4hr f\u00fcr Aktualit\u00e4t, Korrektheit, Vollst\u00e4ndigkeit oder Qualit\u00e4t der bereitgestellten Informationen und Daten \u00fcbernommen werden. Haftungsanspr\u00fcche gegen den Herausgeber\u00a0dieser Website f\u00fcr Sch\u00e4den jeglicher Art, die auf fehlerhaften oder unvollst\u00e4ndigen Informationen und Daten beruhen, sind ausgeschlossen. F\u00fcr die Inhalte aller Links, die zu Seiten au\u00dferhalb des Verantwortungsbereiches des Herausgebers f\u00fchren, kann ebenfalls keine Haftung \u00fcbernommen werden.<\/p>\n<p style=\"text-align: justify\"><strong>Urheberrecht<br \/>\n<\/strong>Die durch die Seitenbetreiber erstellten <strong>Inhalte, Werke und im besonderen Fotos auf diesen Seiten unterliegen dem copyright und Urheberrecht von Norbert Huber\u00a0\u2013 TwoBearsProduction<\/strong>. Die Vervielf\u00e4ltigung, Bearbeitung, Verbreitung und jede Art der Verwertung au\u00dferhalb der Grenzen des Urheberrechtes bed\u00fcrfen der schriftlichen Zustimmung von Norbert Huber. Downloads und Kopien dieser Seite sind nur f\u00fcr den privaten, nicht kommerziellen Gebrauch gestattet. Soweit die Inhalte auf dieser Seite nicht vom Betreiber erstellt wurden, werden die Urheberrechte Dritter beachtet. Insbesondere werden Inhalte Dritter als solche gekennzeichnet. Sollten Sie trotzdem auf eine Urheberrechtsverletzung aufmerksam werden, bitten wir um einen entsprechenden Hinweis. Bei Bekanntwerden von Rechtsverletzungen werden wir derartige Inhalte umgehend entfernen.<\/p>\n","protected":false},"excerpt":{"rendered":"<p>Offenlegung nach \u00a7 25 Mediengesetz: Medieninhaber, Herausgeber, inhaltliche Verantwortung: Norbert Huber Linz \u00d6sterreich Norbert.Huber@twobears.at Haftungsausschluss: Die Zusammenstellung der Informationen auf dieser Website wurde mit gr\u00f6\u00dftm\u00f6glicher Sorgfalt vorgenommen. Dennoch kann keinerlei Gew\u00e4hr f\u00fcr Aktualit\u00e4t, Korrektheit, Vollst\u00e4ndigkeit oder Qualit\u00e4t der bereitgestellten Informationen und Daten \u00fcbernommen werden. Haftungsanspr\u00fcche gegen den Herausgeber\u00a0dieser Website f\u00fcr Sch\u00e4den jeglicher Art, die auf &hellip; <a href=\"https:\/\/www.twobears.at\/wordpress\/twobears-alt\/impressum\/\" class=\"more-link\"><span class=\"screen-reader-text\">Impressum<\/span> weiterlesen <span class=\"meta-nav\">&rarr;<\/span><\/a><\/p>\n","protected":false},"author":1,"featured_media":0,"parent":0,"menu_order":0,"comment_status":"open","ping_status":"open","template":"","meta":{"ngg_post_thumbnail":0,"footnotes":""},"class_list":["post-1400","page","type-page","status-publish","hentry"],"yoast_head":"<!-- This site is optimized with the Yoast SEO plugin v24.2 - https:\/\/yoast.com\/wordpress\/plugins\/seo\/ -->\n<title>Impressum - Das Archiv<\/title>\n<meta name=\"robots\" content=\"index, follow, max-snippet:-1, max-image-preview:large, max-video-preview:-1\" \/>\n<link rel=\"canonical\" href=\"https:\/\/www.twobears.at\/wordpress\/twobears-alt\/impressum\/\" \/>\n<meta property=\"og:locale\" content=\"de_DE\" \/>\n<meta property=\"og:type\" content=\"article\" \/>\n<meta property=\"og:title\" content=\"Impressum - Das Archiv\" \/>\n<meta property=\"og:description\" content=\"Offenlegung nach \u00a7 25 Mediengesetz: Medieninhaber, Herausgeber, inhaltliche Verantwortung: Norbert Huber Linz \u00d6sterreich Norbert.Huber@twobears.at Haftungsausschluss: Die Zusammenstellung der Informationen auf dieser Website wurde mit gr\u00f6\u00dftm\u00f6glicher Sorgfalt vorgenommen. Dennoch kann keinerlei Gew\u00e4hr f\u00fcr Aktualit\u00e4t, Korrektheit, Vollst\u00e4ndigkeit oder Qualit\u00e4t der bereitgestellten Informationen und Daten \u00fcbernommen werden. Haftungsanspr\u00fcche gegen den Herausgeber\u00a0dieser Website f\u00fcr Sch\u00e4den jeglicher Art, die auf &hellip; Impressum weiterlesen &rarr;\" \/>\n<meta property=\"og:url\" content=\"https:\/\/www.twobears.at\/wordpress\/twobears-alt\/impressum\/\" \/>\n<meta property=\"og:site_name\" content=\"Das Archiv\" \/>\n<meta name=\"twitter:card\" content=\"summary_large_image\" \/>\n<meta name=\"twitter:label1\" content=\"Gesch\u00e4tzte Lesezeit\" \/>\n\t<meta name=\"twitter:data1\" content=\"1 Minute\" \/>\n<script type=\"application\/ld+json\" class=\"yoast-schema-graph\">{\"@context\":\"https:\/\/schema.org\",\"@graph\":[{\"@type\":\"WebPage\",\"@id\":\"https:\/\/www.twobears.at\/wordpress\/twobears-alt\/impressum\/\",\"url\":\"https:\/\/www.twobears.at\/wordpress\/twobears-alt\/impressum\/\",\"name\":\"Impressum - Das Archiv\",\"isPartOf\":{\"@id\":\"https:\/\/www.twobears.at\/wordpress\/twobears-alt\/#website\"},\"datePublished\":\"2015-03-19T07:33:31+00:00\",\"dateModified\":\"2015-03-19T07:33:31+00:00\",\"breadcrumb\":{\"@id\":\"https:\/\/www.twobears.at\/wordpress\/twobears-alt\/impressum\/#breadcrumb\"},\"inLanguage\":\"de\",\"potentialAction\":[{\"@type\":\"ReadAction\",\"target\":[\"https:\/\/www.twobears.at\/wordpress\/twobears-alt\/impressum\/\"]}]},{\"@type\":\"BreadcrumbList\",\"@id\":\"https:\/\/www.twobears.at\/wordpress\/twobears-alt\/impressum\/#breadcrumb\",\"itemListElement\":[{\"@type\":\"ListItem\",\"position\":1,\"name\":\"Startseite\",\"item\":\"https:\/\/www.twobears.at\/wordpress\/twobears-alt\/\"},{\"@type\":\"ListItem\",\"position\":2,\"name\":\"Impressum\"}]},{\"@type\":\"WebSite\",\"@id\":\"https:\/\/www.twobears.at\/wordpress\/twobears-alt\/#website\",\"url\":\"https:\/\/www.twobears.at\/wordpress\/twobears-alt\/\",\"name\":\"Das Archiv\",\"description\":\"Eine weitere TwoBears Universum-Website\",\"potentialAction\":[{\"@type\":\"SearchAction\",\"target\":{\"@type\":\"EntryPoint\",\"urlTemplate\":\"https:\/\/www.twobears.at\/wordpress\/twobears-alt\/?s={search_term_string}\"},\"query-input\":{\"@type\":\"PropertyValueSpecification\",\"valueRequired\":true,\"valueName\":\"search_term_string\"}}],\"inLanguage\":\"de\"}]}<\/script>\n<!-- \/ Yoast SEO plugin. -->","yoast_head_json":{"title":"Impressum - Das Archiv","robots":{"index":"index","follow":"follow","max-snippet":"max-snippet:-1","max-image-preview":"max-image-preview:large","max-video-preview":"max-video-preview:-1"},"canonical":"https:\/\/www.twobears.at\/wordpress\/twobears-alt\/impressum\/","og_locale":"de_DE","og_type":"article","og_title":"Impressum - Das Archiv","og_description":"Offenlegung nach \u00a7 25 Mediengesetz: Medieninhaber, Herausgeber, inhaltliche Verantwortung: Norbert Huber Linz \u00d6sterreich Norbert.Huber@twobears.at Haftungsausschluss: Die Zusammenstellung der Informationen auf dieser Website wurde mit gr\u00f6\u00dftm\u00f6glicher Sorgfalt vorgenommen. Dennoch kann keinerlei Gew\u00e4hr f\u00fcr Aktualit\u00e4t, Korrektheit, Vollst\u00e4ndigkeit oder Qualit\u00e4t der bereitgestellten Informationen und Daten \u00fcbernommen werden. Haftungsanspr\u00fcche gegen den Herausgeber\u00a0dieser Website f\u00fcr Sch\u00e4den jeglicher Art, die auf &hellip; Impressum weiterlesen &rarr;","og_url":"https:\/\/www.twobears.at\/wordpress\/twobears-alt\/impressum\/","og_site_name":"Das Archiv","twitter_card":"summary_large_image","twitter_misc":{"Gesch\u00e4tzte Lesezeit":"1 Minute"},"schema":{"@context":"https:\/\/schema.org","@graph":[{"@type":"WebPage","@id":"https:\/\/www.twobears.at\/wordpress\/twobears-alt\/impressum\/","url":"https:\/\/www.twobears.at\/wordpress\/twobears-alt\/impressum\/","name":"Impressum - Das Archiv","isPartOf":{"@id":"https:\/\/www.twobears.at\/wordpress\/twobears-alt\/#website"},"datePublished":"2015-03-19T07:33:31+00:00","dateModified":"2015-03-19T07:33:31+00:00","breadcrumb":{"@id":"https:\/\/www.twobears.at\/wordpress\/twobears-alt\/impressum\/#breadcrumb"},"inLanguage":"de","potentialAction":[{"@type":"ReadAction","target":["https:\/\/www.twobears.at\/wordpress\/twobears-alt\/impressum\/"]}]},{"@type":"BreadcrumbList","@id":"https:\/\/www.twobears.at\/wordpress\/twobears-alt\/impressum\/#breadcrumb","itemListElement":[{"@type":"ListItem","position":1,"name":"Startseite","item":"https:\/\/www.twobears.at\/wordpress\/twobears-alt\/"},{"@type":"ListItem","position":2,"name":"Impressum"}]},{"@type":"WebSite","@id":"https:\/\/www.twobears.at\/wordpress\/twobears-alt\/#website","url":"https:\/\/www.twobears.at\/wordpress\/twobears-alt\/","name":"Das Archiv","description":"Eine weitere TwoBears Universum-Website","potentialAction":[{"@type":"SearchAction","target":{"@type":"EntryPoint","urlTemplate":"https:\/\/www.twobears.at\/wordpress\/twobears-alt\/?s={search_term_string}"},"query-input":{"@type":"PropertyValueSpecification","valueRequired":true,"valueName":"search_term_string"}}],"inLanguage":"de"}]}},"_links":{"self":[{"href":"https:\/\/www.twobears.at\/wordpress\/twobears-alt\/wp-json\/wp\/v2\/pages\/1400","targetHints":{"allow":["GET"]}}],"collection":[{"href":"https:\/\/www.twobears.at\/wordpress\/twobears-alt\/wp-json\/wp\/v2\/pages"}],"about":[{"href":"https:\/\/www.twobears.at\/wordpress\/twobears-alt\/wp-json\/wp\/v2\/types\/page"}],"author":[{"embeddable":true,"href":"https:\/\/www.twobears.at\/wordpress\/twobears-alt\/wp-json\/wp\/v2\/users\/1"}],"replies":[{"embeddable":true,"href":"https:\/\/www.twobears.at\/wordpress\/twobears-alt\/wp-json\/wp\/v2\/comments?post=1400"}],"version-history":[{"count":0,"href":"https:\/\/www.twobears.at\/wordpress\/twobears-alt\/wp-json\/wp\/v2\/pages\/1400\/revisions"}],"wp:attachment":[{"href":"https:\/\/www.twobears.at\/wordpress\/twobears-alt\/wp-json\/wp\/v2\/media?parent=1400"}],"curies":[{"name":"wp","href":"https:\/\/api.w.org\/{rel}","templated":true}]}}